 10) to base 4
2
-18 (base 11) to base 12
-17
What is -12 (base 12) in base 13?
-11
What is 7d (base 15) in base 6?
314
3 (base 14) to base 3
10
-44 (base 14) to base 11
-55
Convert 3 (base 4) to base 7.
3
97 (base 12) to base 8
163
Convert 2 (base 3) to base 2.
10
What is -2 (base 14) in base 11?
-2
What is 1 (base 16) in base 8?
1
430 (base 5) to base 3
11021
228 (base 10) to base 5
1403
Convert 4 (base 7) to base 4.
10
Convert 4 (base 14) to base 2.
100
Convert -100 (base 2) to base 13.
-4
What is 3 (base 16) in base 2?
11
What is 122 (base 5) in base 7?
52
What is 10 (base 5) in base 6?
5
Convert 100 (base 2) to base 10.
4
What is -35 (base 7) in base 8?
-32
What is -4 (base 14) in base 6?
-4
What is 102102 (base 3) in base 13?
1a9
Convert -b (base 13) to base 7.
-14
-3 (base 11) to base 12
-3
What is 133 (base 5) in base 14?
31
5 (base 14) to base 12
5
-3 (base 6) to base 15
-3
Convert 1 (base 5) to base 2.
1
Convert 1002 (base 3) to base 10.
29
11011 (base 2) to base 11
25
What is -18 (base 11) in base 3?
-201
2 (base 11) to base 16
2
Convert 23 (base 12) to base 11.
25
What is 65 (base 15) in base 9?
115
What is 3a (base 16) in base 14?
42
Convert 0 (base 16) to base 2.
0
What is -2 (base 11) in base 8?
-2
Convert -128 (base 12) to base 16.
-b0
Convert 5 (base 12) to base 8.
5
-1 (base 16) to base 6
-1
What is -1a (base 14) in base 5?
-44
56 (base 14) to base 9
84
Convert -37 (base 15) to base 3.
-1221
Convert -213 (base 7) to base 14.
-7a
What is -130 (base 14) in base 10?
-238
20 (base 11) to base 10
22
What is -3 (base 15) in base 10?
-3
49 (base 10) to base 13
3a
-59 (base 12) to base 9
-76
10 (base 5) to base 6
5
3e (base 15) to base 7
113
What is -110 (base 5) in base 7?
-42
What is -6 (base 13) in base 6?
-10
Convert -4 (base 11) to base 14.
-4
-301 (base 4) to base 15
-34
Convert -2 (base 15) to base 8.
-2
-1 (base 12) to base 16
-1
Convert 22 (base 7) to base 14.
12
-1 (base 3) to base 15
-1
What is -1 (base 11) in base 7?
-1
9 (base 11) to base 14
9
What is 21 (base 5) in base 7?
14
What is -202 (base 5) in base 15?
-37
What is -1 (base 4) in base 7?
-1
What is 3 (base 4) in base 3?
10
What is 21 (base 6) in base 13?
10
1 (base 16) to base 3
1
-1 (base 13) to base 14
-1
Convert 3 (base 8) to base 7.
3
What is -51 (base 7) in base 14?
-28
-72 (base 16) to base 10
-114
What is -12 (base 6) in base 15?
-8
What is 48 (base 14) in base 8?
100
Convert 2 (base 6) to base 11.
2
What is -1 (base 9) in base 13?
-1
Convert -1 (base 6) to base 2.
-1
138 (base 9) to base 16
74
11000 (base 2) to base 5
44
22 (base 5) to base 2
1100
Convert -200 (base 5) to base 9.
-55
200 (base 3) to base 5
33
Convert -13 (base 4) to base 12.
-7
-10 (base 8) to base 5
-13
What is 215 (base 7) in base 11?
a0
What is -1122 (base 3) in base 2?
-101100
Convert 2 (base 8) to base 10.
2
-6 (base 16) to base 7
-6
What is -b (base 15) in base 13?
-b
5 (base 8) to base 11
5
3 (base 6) to base 9
3
1c (base 16) to base 2
11100
What is 22 (base 4) in base 16?
a
What is -12 (base 4) in base 11?
-6
-2 (base 11) to base 16
-2
1b8 (base 13) to base 14
18c
Convert 1 (base 2) to base 16.
1
What is -6 (base 11) in base 5?
-11
42 (base 10) to base 14
30
1101 (base 2) to base 9
14
What is 5 (base 8) in base 2?
101
Convert -1110 (base 2) to base 7.
-20
What is 56 (base 14) in base 5?
301
What is -20 (base 5) in base 10?
-10
Convert -225 (base 8) to base 10.
-149
Convert -5 (base 11) to base 7.
-5
11210 (base 3) to base 14
93
Convert 0 (base 5) to base 9.
0
What is -19 (base 12) in base 10?
-21
Convert -2 (base 10) to base 9.
-2
What is -11 (base 14) in base 10?
-15
What is -2300 (base 4) in base 6?
-452
What is 16 (base 10) in base 5?
31
What is 9 (base 14) in base 6?
13
What is -10 (base 4) in base 13?
-4
Convert -1 (base 16) to base 9.
-1
What is -2 (base 11) in base 5?
-2
What is 23 (base 13) in base 6?
45
b (base 12) to base 8
13
What is 36 (base 7) in base 6?
43
What is -1 (base 15) in base 2?
-1
-31 (base 7) to base 4
-112
What is 10 (base 6) in base 7?
6
What is 281 (base 9) in base 7?
454
21 (base 3) to base 7
10
What is -29 (base 16) in base 6?
-105
Convert 2441 (base 5) to base 12.
26b
Convert -89 (base 10) to base 3.
-10022
-1022 (base 3) to base 13
-29
Convert -7 (base 10) to base 5.
-12
Convert -103 (base 12) to base 2.
-10010011
Convert 37 (base 14) to base 15.
34
Convert 6 (base 7) to base 10.
6
What is -310 (base 7) in base 16?
-9a
What is -7 (base 13) in base 11?
-7
Convert -10 (base 9) to base 14.
-9
-11 (base 13) to base 3
-112
-e9 (base 16) to base 3
-22122
Convert 10 (base 7) to base 5.
12
What is -8c (base 13) in base 12?
-98
What is -42 (base 13) in base 6?
-130
What is 32 (base 8) in base 13?
20
-1 (base 8) to base 3
-1
-75 (base 10) to base 3
-2210
Convert 5 (base 13) to base 4.
11
120 (base 3) to base 4
33
-3 (base 16) to base 4
-3
-12 (base 4) to base 15
-6
Convert -3 (base 13) to base 6.
-3
4 (base 5) to base 2
100
Convert 70 (base 8) to base 13.
44
Convert 1120 (base 4) to base 8.
130
222 (base 10) to base 11
192
What is -7 (base 14) in base 4?
-13
Convert 138 (base 15) to base 4.
10112
-53 (base 14) to base 13
-58
What is 0 (base 12) in base 3?
0
Convert -15 (base 15) to base 7.
-26
What is 3 (base 4) in base 3?
10
Convert -1a7 (base 11) to base 4.
-3232
What is 42 (base 11) in base 8?
56
Convert 0 (base 16) to base 14.
0
Convert f3 (base 16) to base 15.
113
144 (base 5) to base 6
121
-2 (base 4) to base 16
-2
What is -76 (base 8) in base 7?
-116
Convert -303 (base 5) to base 15.
-53
Convert -21 (base 6) to base 15.
-d
-4 (base 10) to base 15
-4
What is 12 (base 6) in base 16?
8
What is 4 (base 5) in base 6?
4
-1e (base 15) to base 6
-45
-4 (base 6) to base 5
-4
Convert -14 (base 12) to base 15.
-11
What is d (base 15) in base 12?
11
Convert -6 (base 11) to base 10.
-6
What is 35 (base 12) in base 5?
131
Convert 10 (base 2) to base 6.
2
What is -3 (base 13) in base 11?
-3
-2 (base 9) to base 12
-2
Convert 55 (base 12) to base 5.
230
What is 5 (base 7) in base 14?
5
Convert -33 (base 8) to base 12.
-23
Convert 0 (base 16) to base 3.
0
What is 6 (base 14) in base 2?
110
Convert 1011 (base 3) to base 9.
34
-12031 (base 4) to base 10
-397
Convert d (base 14) to base 13.
10
-3 (base 13) to base 15
-3
Convert -202 (base 4) to base 14.
-26
Convert 15 (base 11) to base 7.
22
55 (base 11) to base 10
60
What is -2212 (base 4) in base 6?
-434
100000111 (base 2) to base 10
263
-10 (base 9) to base 14
-9
Convert 78 (base 10) to base 12.
66
What is -11 (base 8) in base 16?
-9
What is 1112 (base 3) in base 8?
51
Convert 4 (base 14) to base 3.
11
What is 9 (base 16) in base 9?
10
Convert 18 (base 9) to base 14.
13
Convert 19 (base 15) to base 3.
220
What is -13 (base 15) in base 10?
-18
1443 (base 5) to base 12
188
Convert -111 (base 2) to base 5.
-12
Convert 14 (base 7) to base 16.
b
What is 12 (base 5) in base 3?
21
What is -22 (base 5) in base 14?
-c
Convert -211 (base 7) to base 4.
-1222
1010 (base 3) to base 8
36
What is 4b (base 15) in base 4?
1013
4 (base 10) to base 14
4
2 (base 5) to base 4
2
What is -1c (base 14) in base 12?
-22
-11 (base 2) to base 12
-3
What is 42 (base 12) in base 11?
46
Convert 3 (base 12) to base 11.
3
Convert 130 (base 8) to base 7.
154
-101 (base 9) to base 8
-122
Convert -11 (base 4) to base 14.
-5
-3 (base 6) to base 15
-3
What is -16 (base 7) in base 9?
-14
8 (base 10) to base 12
8
Convert -204 (base 14) to base 3.
-112200
What is -11 (base 2) in base 7?
-3
Convert 5 (base 14) to base 13.
5
What is 1 (base 9) in base 13?
1
210 (base 9) to base 13
102
3 (base 11) to base 16
3
What is 8d (base 16) in base 8?
215
Convert -1 (base 10) to base 4.
-1
What is -144 (base 10) in base 16?
-90
What is -14 (base 10) in base 7?
-20
Convert -4 (base 10) to base 14.
-4
-12 (base 10) to base 15
-c
Convert -1 (base 5) to base 7.
-1
1 (base 10) to base 5
1
Convert 3 (base 4) to base 2.
11
What is 9 (base 15) in base 6?
13
What is 100 (base 3) in base 9?
10
Convert -1000 (base 3) to base 7.
-36
336 (base 8) to base 13
141
Convert -18 (base 11) to base 13.
-16
Convert 3 (base 16) to base 8.
3
What is -5 (base 9) in base 6?
-5
What is 15 (base 6) in base 3?
102
Convert 1101 (base 2) to base 4.
31
What is 113 (base 11) in base 8?
207
What is -10